18?
310
What is the remainder when 32290830 is divided by 458?
456
What is the remainder when 16247 is divided by 13577?
2670
What is the remainder when 627093 is divided by 18995?
258
Calculate the remainder when 8516280 is divided by 229.
228
Calculate the remainder when 42620 is divided by 20907.
806
What is the remainder when 667427 is divided by 13603?
880
What is the remainder when 150701 is divided by 6779?
1563
Calculate the remainder when 128744 is divided by 7572.
20
Calculate the remainder when 142208342 is divided by 57.
11
What is the remainder when 160909 is divided by 80446?
17
Calculate the remainder when 747151 is divided by 106730.
41
What is the remainder when 146561 is divided by 24420?
41
Calculate the remainder when 26490234 is divided by 149.
120
What is the remainder when 14769686 is divided by 126?
92
Calculate the remainder when 8315109 is divided by 554340.
9
Calculate the remainder when 11316259 is divided by 317.
310
Calculate the remainder when 6978997 is divided by 19440.
37
Calculate the remainder when 3242811 is divided by 368.
363
Calculate the remainder when 743232 is divided by 92901.
24
Calculate the remainder when 12749491 is divided by 28.
27
What is the remainder when 29367 is divided by 4179?
114
What is the remainder when 601504 is divided by 519?
502
Calculate the remainder when 335368 is divided by 14.
12
What is the remainder when 73743251 is divided by 82?
77
What is the remainder when 282229 is divided by 35209?
557
Calculate the remainder when 75123453 is divided by 5182.
5181
What is the remainder when 72972029 is divided by 157?
156
Calculate the remainder when 44100 is divided by 43125.
975
Calculate the remainder when 55028 is divided by 9164.
44
What is the remainder when 6520543 is divided by 1304099?
48
Calculate the remainder when 131279 is divided by 1640.
79
What is the remainder when 4928883 is divided by 12140?
43
Calculate the remainder when 7408 is divided by 1739.
452
What is the remainder when 123555893 is divided by 3380?
3373
What is the remainder when 535019742 is divided by 6134?
6128
Calculate the remainder when 766139 is divided by 812.
423
What is the remainder when 12996749 is divided by 136807?
84
Calculate the remainder when 807868 is divided by 18325.
1568
Calculate the remainder when 3699 is divided by 2786.
913
Calculate the remainder when 58400398 is divided by 205.
203
Calculate the remainder when 2149833 is divided by 27213.
6
Calculate the remainder when 781593 is divided by 55791.
519
Calculate the remainder when 106978 is divided by 3049.
263
What is the remainder when 2856287 is divided by 88?
71
What is the remainder when 111911 is divided by 514?
373
What is the remainder when 976815 is divided by 1752?
951
Calculate the remainder when 463861 is divided by 78.
73
What is the remainder when 18124007 is divided by 65?
57
What is the remainder when 61669 is divided by 2539?
733
Calculate the remainder when 357100 is divided by 1134.
1024
Calculate the remainder when 37485603 is divided by 18742797.
9
Calculate the remainder when 20998010 is divided by 2631.
2630
Calculate the remainder when 27418987 is divided by 10.
7
What is the remainder when 197477417 is divided by 51?
11
What is the remainder when 704757 is divided by 446?
77
Calculate the remainder when 3647156 is divided by 2970.
2966
What is the remainder when 11710485 is divided by 1193?
1190
What is the remainder when 8140851 is divided by 203515?
251
Calculate the remainder when 107907669 is divided by 4043.
4042
What is the remainder when 2103598 is divided by 951?
937
What is the remainder when 2690698 is divided by 47?
42
What is the remainder when 6265735 is divided by 1108?
1103
Calculate the remainder when 866501 is divided by 433238.
25
Calculate the remainder when 270698 is divided by 1539.
1373
What is the remainder when 628982 is divided by 30?
2
Calculate the remainder when 469470 is divided by 598.
40
What is the remainder when 1857276 is divided by 232147?
100
Calculate the remainder when 286775 is divided by 71240.
1815
Calculate the remainder when 20630 is divided by 4858.
1198
What is the remainder when 46481 is divided by 135?
41
What is the remainder when 1271268 is divided by 1205?
1198
Calculate the remainder when 81961892 is divided by 137.
135
What is the remainder when 3709434 is divided by 65?
14
Calculate the remainder when 306377 is divided by 23562.
71
Calculate the remainder when 926590 is divided by 25.
15
What is the remainder when 16930839 is divided by 1685?
1644
What is the remainder when 640316 is divided by 3767?
3693
Calculate the remainder when 278048 is divided by 39720.
8
Calculate the remainder when 23800802 is divided by 1382.
1380
What is the remainder when 207184 is divided by 411?
40
Calculate the remainder when 16336606 is divided by 17.
14
Calculate the remainder when 26515541 is divided by 8964.
29
Calculate the remainder when 724664 is divided by 181156.
40
What is the remainder when 542910 is divided by 180937?
99
What is the remainder when 1070988 is divided by 384?
12
Calculate the remainder when 5350322 is divided by 37.
11
Calculate the remainder when 3034844 is divided by 2093.
2087
What is the remainder when 1066359599 is divided by 5127?
5123
Calculate the remainder when 3703254 is divided by 26834.
162
What is the remainder when 971408 is divided by 507?
503
Calculate the remainder when 6016 is divided by 1169.
171
What is the remainder when 25531208 is divided by 53190?
8
Calculate the remainder when 150283 is divided by 1113.
28
What is the remainder when 142221335 is divided by 98971?
8
Calculate the remainder when 1880917 is divided by 75.
67
What is the remainder when 3279323 is divided by 189?
173
Calculate the remainder when 1305966 is divided by 28375.
716
Calculate the remainder when 1060340 is divided by 926.
70
What is the remainder when 1453610 is divided by 76505?
15
What is the remainder when 33170889 is divided by 2211392?
9
What is the remainder when 1937799 is divided by 310?
299
What is the remainder when 358653 is divided by 358473?
180
Calculate the remainder when 1723553 is divided by 574517.
2
What is the remainder when 617394579 is divided by 19?
10
What is the remainder when 687339 is divided by 63?
9
What is the remainder when 129714637 is divided by 83?
79
What is the remainder when 17387907 is divided by 546?
537
Calculate the remainder when 338015132 is divided by 249090.
2
Calculate the remainder when 309600 is divided by 154792.
16
Calculate the remainder when 432433 is divided by 2174.
1981
Calculate the remainder when 101955 is divided by 3091.
3043
Calculate the remainder when 931510 is divided by 93136.
150
Calculate the remainder when 8212 is divided by 433.
418
Calculate the remainder when 315295 is divided by 39411.
7
Calculate the remainder when 14201 is divided by 6510.
1181
Calculate the remainder when 24570085 is divided by 481765.
70
What is the remainder when 14120725 is divided by 745?
740
What is the remainder when 10167524 is divided by 1733?
13
Calculate the remainder when 702757 is divided by 351368.
21
Calculate the remainder when 133941 is divided by 6043.
995
Calculate the remainder when 7066 is divided by 6524.
542
What is the remainder when 200161688 is divided by 3114?
3110
What is the remainder when 1470157 is divided by 387?
331
Calculate the remainder when 1792022 is divided by 2822.
52
What is the remainder when 195402 is divided by 1122?
174
What is the remainder when 78401 is divided by 39110?
181
Calculate the remainder when 30811 is divided by 834.
787
What is the remainder when 384360 is divided by 191876?
608
Calculate the remainder when 5148888 is divided by 2125.
13
What is the remainder when 23323363 is divided by 4031?
4028
What is the remainder when 41316042 is divided by 20658010?
22
Calculate the remainder when 562652 is divided by 2.
0
Calculate the remainder when 42900746 is divided by 9222.
2
Calculate the remainder when 169256 is divided by 2603.
61
Calculate the remainder when 3790898 is divided by 11.
1
Calculate the remainder when 579105 is divided by 73.
69
Calculate the remainder when 287793351 is divided by 44.
43
What is the remainder when 65306629 is divided 